{"id":627,"date":"2021-11-21T11:50:06","date_gmt":"2021-11-21T11:50:06","guid":{"rendered":"https:\/\/rimnow.space\/ens\/?page_id=627"},"modified":"2021-11-21T11:51:32","modified_gmt":"2021-11-21T11:51:32","slug":"scientifique","status":"publish","type":"page","link":"https:\/\/ens.mr\/?page_id=627","title":{"rendered":"Scientifique"},"content":{"rendered":"\n<h2 class=\"wp-block-heading\">En mati\u00e8re de recherche scientifique l\u2019ENS a \u00e9tabli des collaborations diverses avec plusieurs instituts et centres de recherche aux plans national et international comme&nbsp;:<\/h2>\n\n\n\n<ul class=\"wp-block-list\"><li><em>PNBA de Mauritanie<\/em><\/li><li><em>PND de Mauritanie<\/em><\/li><li><em>CNERV de Mauritanie<\/em><\/li><li><em>CNRADA de Mauritanie<\/em><\/li><li><em>ONISPA de Mauritanie<\/em><\/li><li><em>IMROP de Mauritanie<\/em><\/li><li><em>MNHN de Paris<\/em><\/li><li><em>IFAN-CAD de Dakar<\/em><\/li><li><em>Institut Scientifique de Rabat<\/em><\/li><li><em>IRD \u00e0 Dakar<\/em><\/li><\/ul>\n\n\n\n<ul class=\"wp-block-list\"><li><em>ENSA d\u2019Alger<\/em><\/li><li><em>Universit\u00e9 de Montpellier II<\/em><ul><li><em>Institut S\u00e9n\u00e9galais de Recherches Agricoles &#8211; S\u00e9n\u00e9gal<\/em><\/li><\/ul><ul><li><em>Institut National de l\u2019Environnement et de la Recherche Agricole &#8211; Burkina Faso<\/em><\/li><\/ul><ul><li><em>Universit\u00e9 Polytechnique de Bobo Dioulasso \/ IDR<\/em><\/li><\/ul><ul><li><em>Universit\u00e9 de Lom\u00e9,&nbsp; TOGO<\/em><\/li><\/ul><ul><li><em>Universit\u00e9s du Niger<\/em><\/li><\/ul><\/li><li><em>GBIF (Global Biodiversity Information Facility)Denmark<\/em><\/li><li><em>OMM (Organisation Mondiale de M\u00e9t\u00e9orologie)<\/em><\/li><\/ul>\n\n\n\n<p><strong><br><\/strong><\/p>\n","protected":false},"excerpt":{"rendered":"<p>En mati\u00e8re de recherche scientifique l\u2019ENS a \u00e9tabli des collaborations diverses avec plusieurs instituts et centres de recherche aux plans national et international comme&nbsp;: PNBA de MauritaniePND de MauritanieCNERV de MauritanieCNRADA de MauritanieONISPA de MauritanieIMROP de MauritanieMNHN de ParisIFAN-CAD de DakarInstitut Scientifique de RabatIRD \u00e0 Dakar ENSA d\u2019AlgerUniversit\u00e9 de Montpellier IIInstitut S\u00e9n\u00e9galais de Recherches Agricoles &hellip;<\/p>\n","protected":false},"author":1,"featured_media":0,"parent":0,"menu_order":0,"comment_status":"closed","ping_status":"closed","template":"","meta":{"footnotes":""},"class_list":["post-627","page","type-page","status-publish","hentry"],"_links":{"self":[{"href":"https:\/\/ens.mr\/index.php?rest_route=\/wp\/v2\/pages\/627","targetHints":{"allow":["GET"]}}],"collection":[{"href":"https:\/\/ens.mr\/index.php?rest_route=\/wp\/v2\/pages"}],"about":[{"href":"https:\/\/ens.mr\/index.php?rest_route=\/wp\/v2\/types\/page"}],"author":[{"embeddable":true,"href":"https:\/\/ens.mr\/index.php?rest_route=\/wp\/v2\/users\/1"}],"replies":[{"embeddable":true,"href":"https:\/\/ens.mr\/index.php?rest_route=%2Fwp%2Fv2%2Fcomments&post=627"}],"version-history":[{"count":2,"href":"https:\/\/ens.mr\/index.php?rest_route=\/wp\/v2\/pages\/627\/revisions"}],"predecessor-version":[{"id":630,"href":"https:\/\/ens.mr\/index.php?rest_route=\/wp\/v2\/pages\/627\/revisions\/630"}],"wp:attachment":[{"href":"https:\/\/ens.mr\/index.php?rest_route=%2Fwp%2Fv2%2Fmedia&parent=627"}],"curies":[{"name":"wp","href":"https:\/\/api.w.org\/{rel}","templated":true}]}}