{"id":605,"date":"2021-11-21T10:33:15","date_gmt":"2021-11-21T10:33:15","guid":{"rendered":"https:\/\/rimnow.space\/ens\/?page_id=605"},"modified":"2021-11-21T10:33:15","modified_gmt":"2021-11-21T10:33:15","slug":"laboratoires-de-formation","status":"publish","type":"page","link":"https:\/\/ens.mr\/?page_id=605","title":{"rendered":"Laboratoires de Formation"},"content":{"rendered":"\n<p>Six laboratoires (Biologie, G\u00e9ologie, Physique-chimie, Informatique, langues et p\u00e9dagogie), relativement bien \u00e9quip\u00e9s, constituent des espaces scientifiques o\u00f9 se d\u00e9roulent les travaux pratiques, les travaux dirig\u00e9s et les s\u00e9ances de TLP. Les laboratoires de langues et de p\u00e9dagogie ne sont pas aujourd\u2019hui fonctionnels.<\/p>\n\n\n\n<p>Ces laboratoires souffrent d\u2019un manque cruel de laborantins devant assurer l\u2019entretien des mat\u00e9riels et la pr\u00e9paration des s\u00e9ances exp\u00e9rimentales. C\u2019est pourquoi les formateurs fournissent&nbsp; beaucoup d\u2019efforts pour concilier les enseignements et l\u2019activit\u00e9 du laborantin afin d\u2019accompagner les \u00e9tudiants dans ces activit\u00e9s scientifiques.<\/p>\n\n\n\n<p>Aussi, certaines usures commencent \u00e0 s\u2019exprimer par des fissurations sur les murs de l\u2019ancien bloc h\u00e9bergeant les laboratoires des sciences exp\u00e9rimentales,leurs r\u00e9seaux \u00e9lectriques, d\u2019eau et d\u2019\u00e9vacuation sont d\u00e9faillants&nbsp;; ceux-ci demandent une r\u00e9habilitation syst\u00e9matique des r\u00e9seaux \u00e9lectriques, d\u2019eau et d\u2019\u00e9vacuation qui commencent \u00e0 \u00eatre d\u00e9faillants.<\/p>\n","protected":false},"excerpt":{"rendered":"<p>Six laboratoires (Biologie, G\u00e9ologie, Physique-chimie, Informatique, langues et p\u00e9dagogie), relativement bien \u00e9quip\u00e9s, constituent des espaces scientifiques o\u00f9 se d\u00e9roulent les travaux pratiques, les travaux dirig\u00e9s et les s\u00e9ances de TLP. Les laboratoires de langues et de p\u00e9dagogie ne sont pas aujourd\u2019hui fonctionnels. Ces laboratoires souffrent d\u2019un manque cruel de laborantins devant assurer l\u2019entretien des mat\u00e9riels &hellip;<\/p>\n","protected":false},"author":1,"featured_media":0,"parent":0,"menu_order":0,"comment_status":"closed","ping_status":"closed","template":"","meta":{"footnotes":""},"class_list":["post-605","page","type-page","status-publish","hentry"],"_links":{"self":[{"href":"https:\/\/ens.mr\/index.php?rest_route=\/wp\/v2\/pages\/605","targetHints":{"allow":["GET"]}}],"collection":[{"href":"https:\/\/ens.mr\/index.php?rest_route=\/wp\/v2\/pages"}],"about":[{"href":"https:\/\/ens.mr\/index.php?rest_route=\/wp\/v2\/types\/page"}],"author":[{"embeddable":true,"href":"https:\/\/ens.mr\/index.php?rest_route=\/wp\/v2\/users\/1"}],"replies":[{"embeddable":true,"href":"https:\/\/ens.mr\/index.php?rest_route=%2Fwp%2Fv2%2Fcomments&post=605"}],"version-history":[{"count":1,"href":"https:\/\/ens.mr\/index.php?rest_route=\/wp\/v2\/pages\/605\/revisions"}],"predecessor-version":[{"id":607,"href":"https:\/\/ens.mr\/index.php?rest_route=\/wp\/v2\/pages\/605\/revisions\/607"}],"wp:attachment":[{"href":"https:\/\/ens.mr\/index.php?rest_route=%2Fwp%2Fv2%2Fmedia&parent=605"}],"curies":[{"name":"wp","href":"https:\/\/api.w.org\/{rel}","templated":true}]}}