{"id":363,"date":"2021-11-10T17:17:49","date_gmt":"2021-11-10T17:17:49","guid":{"rendered":"https:\/\/rimnow.space\/ens\/?page_id=363"},"modified":"2022-02-03T19:35:13","modified_gmt":"2022-02-03T19:35:13","slug":"textes-juridiques","status":"publish","type":"page","link":"https:\/\/ens.mr\/?page_id=363","title":{"rendered":"Textes juridiques"},"content":{"rendered":"\n<p>L\u2019Ecole Normale Sup\u00e9rieure est un \u00e9tablissement public mauritanien \u00e0 caract\u00e8re administratif jouissant de la personnalit\u00e9 morale et de l\u2019autonomie financi\u00e8re.<\/p>\n\n\n\n<p>Elle est cr\u00e9\u00e9e et organis\u00e9e par le d\u00e9cret N\u00b070 261 du 25\/9\/70, modifi\u00e9 par les d\u00e9crets suivants&nbsp;:<br>&nbsp; 85 255 du 4\/12\/85<br>&nbsp; 86 186 du 5\/11\/86<br>&nbsp; 87 290 du 28\/10\/87<br>&nbsp; 95 033 du 17\/12\/95<br>&nbsp; 01 110 du12\/12\/2001<\/p>\n","protected":false},"excerpt":{"rendered":"<p>L\u2019Ecole Normale Sup\u00e9rieure est un \u00e9tablissement public mauritanien \u00e0 caract\u00e8re administratif jouissant de la personnalit\u00e9 morale et de l\u2019autonomie financi\u00e8re. Elle est cr\u00e9\u00e9e et organis\u00e9e par le d\u00e9cret N\u00b070 261 du 25\/9\/70, modifi\u00e9 par les d\u00e9crets suivants&nbsp;:&nbsp; 85 255 du 4\/12\/85&nbsp; 86 186 du 5\/11\/86&nbsp; 87 290 du 28\/10\/87&nbsp; 95 033 du 17\/12\/95&nbsp; 01 110 &hellip;<\/p>\n","protected":false},"author":1,"featured_media":0,"parent":0,"menu_order":0,"comment_status":"closed","ping_status":"closed","template":"","meta":{"footnotes":""},"class_list":["post-363","page","type-page","status-publish","hentry"],"_links":{"self":[{"href":"https:\/\/ens.mr\/index.php?rest_route=\/wp\/v2\/pages\/363","targetHints":{"allow":["GET"]}}],"collection":[{"href":"https:\/\/ens.mr\/index.php?rest_route=\/wp\/v2\/pages"}],"about":[{"href":"https:\/\/ens.mr\/index.php?rest_route=\/wp\/v2\/types\/page"}],"author":[{"embeddable":true,"href":"https:\/\/ens.mr\/index.php?rest_route=\/wp\/v2\/users\/1"}],"replies":[{"embeddable":true,"href":"https:\/\/ens.mr\/index.php?rest_route=%2Fwp%2Fv2%2Fcomments&post=363"}],"version-history":[{"count":2,"href":"https:\/\/ens.mr\/index.php?rest_route=\/wp\/v2\/pages\/363\/revisions"}],"predecessor-version":[{"id":1528,"href":"https:\/\/ens.mr\/index.php?rest_route=\/wp\/v2\/pages\/363\/revisions\/1528"}],"wp:attachment":[{"href":"https:\/\/ens.mr\/index.php?rest_route=%2Fwp%2Fv2%2Fmedia&parent=363"}],"curies":[{"name":"wp","href":"https:\/\/api.w.org\/{rel}","templated":true}]}}