{"id":359,"date":"2021-11-10T17:16:16","date_gmt":"2021-11-10T17:16:16","guid":{"rendered":"https:\/\/rimnow.space\/ens\/?page_id=359"},"modified":"2022-02-03T18:49:58","modified_gmt":"2022-02-03T18:49:58","slug":"missions","status":"publish","type":"page","link":"https:\/\/ens.mr\/?page_id=359","title":{"rendered":"Missions"},"content":{"rendered":"\n<p>Il est confi\u00e9 \u00e0 l\u2019Ecole Normale Sup\u00e9rieure de Nouakchott la mission de former les cadres sup\u00e9rieurs du Minist\u00e8re de l\u2019Education Nationale et de la r\u00e9forme du syst\u00e8me \u00e9ducatif \u00e0 savoir les professeurs, les professeurs agr\u00e9g\u00e9s, les inspecteurs de l\u2019enseignement secondaire, les inspecteurs de l\u2019enseignement technique,les inspecteurs du fondamental, les formateurs des Ecoles Normales des Instituteurs et les techniciens de laboratoires.<\/p>\n\n\n\n<p>La formation dispens\u00e9e vise le renforcement des capacit\u00e9s acad\u00e9miques de l\u2019\u00e9tudiant au niveau de sa discipline de sp\u00e9cialit\u00e9 et le d\u00e9veloppement de ses comp\u00e9tences p\u00e9dagogiques et ce \u00e0 travers&nbsp;:<\/p>\n\n\n\n<p>&#8211; un compl\u00e9ment de formation acad\u00e9mique visant une remise \u00e0 niveau de l\u2019\u00e9tudiant.<\/p>\n\n\n\n<p>&#8211; des contenus th\u00e9oriques en sciences de l\u2019\u00e9ducation en g\u00e9n\u00e9ral et en techniques de communication. &#8211; un stage sur le terrain lui permettant de consolider ses acquis et ses comp\u00e9tences professionnelles.<\/p>\n\n\n\n<p><\/p>\n\n\n\n<p><\/p>\n\n\n\n<p><\/p>\n\n\n\n<p><\/p>\n","protected":false},"excerpt":{"rendered":"<p>Il est confi\u00e9 \u00e0 l\u2019Ecole Normale Sup\u00e9rieure de Nouakchott la mission de former les cadres sup\u00e9rieurs du Minist\u00e8re de l\u2019Education Nationale et de la r\u00e9forme du syst\u00e8me \u00e9ducatif \u00e0 savoir les professeurs, les professeurs agr\u00e9g\u00e9s, les inspecteurs de l\u2019enseignement secondaire, les inspecteurs de l\u2019enseignement technique,les inspecteurs du fondamental, les formateurs des Ecoles Normales des Instituteurs &hellip;<\/p>\n","protected":false},"author":1,"featured_media":0,"parent":0,"menu_order":0,"comment_status":"closed","ping_status":"closed","template":"","meta":{"footnotes":""},"class_list":["post-359","page","type-page","status-publish","hentry"],"_links":{"self":[{"href":"https:\/\/ens.mr\/index.php?rest_route=\/wp\/v2\/pages\/359","targetHints":{"allow":["GET"]}}],"collection":[{"href":"https:\/\/ens.mr\/index.php?rest_route=\/wp\/v2\/pages"}],"about":[{"href":"https:\/\/ens.mr\/index.php?rest_route=\/wp\/v2\/types\/page"}],"author":[{"embeddable":true,"href":"https:\/\/ens.mr\/index.php?rest_route=\/wp\/v2\/users\/1"}],"replies":[{"embeddable":true,"href":"https:\/\/ens.mr\/index.php?rest_route=%2Fwp%2Fv2%2Fcomments&post=359"}],"version-history":[{"count":3,"href":"https:\/\/ens.mr\/index.php?rest_route=\/wp\/v2\/pages\/359\/revisions"}],"predecessor-version":[{"id":1524,"href":"https:\/\/ens.mr\/index.php?rest_route=\/wp\/v2\/pages\/359\/revisions\/1524"}],"wp:attachment":[{"href":"https:\/\/ens.mr\/index.php?rest_route=%2Fwp%2Fv2%2Fmedia&parent=359"}],"curies":[{"name":"wp","href":"https:\/\/api.w.org\/{rel}","templated":true}]}}